{"id":428,"date":"2024-04-23T21:20:26","date_gmt":"2024-04-23T19:20:26","guid":{"rendered":"https:\/\/www.dental-asd.com\/?page_id=428"},"modified":"2024-12-01T12:37:00","modified_gmt":"2024-12-01T11:37:00","slug":"details-formation","status":"publish","type":"page","link":"https:\/\/www.dental-asd.com\/index.php\/details-formation\/","title":{"rendered":"D\u00e9tails-Formations des professionnels"},"content":{"rendered":"\t\t<div data-elementor-type=\"wp-page\" data-elementor-id=\"428\" class=\"elementor elementor-428\">\n\t\t\t\t<div class=\"elementor-element elementor-element-15fcf12a e-con-full e-flex wpr-particle-no wpr-jarallax-no wpr-parallax-no wpr-sticky-section-no e-con e-parent\" data-id=\"15fcf12a\" data-element_type=\"container\" data-e-type=\"container\" data-settings=\"{&quot;background_background&quot;:&quot;slideshow&quot;,&quot;background_slideshow_gallery&quot;:[{&quot;id&quot;:224,&quot;url&quot;:&quot;https:\\\/\\\/www.dental-asd.com\\\/wp-content\\\/uploads\\\/2024\\\/04\\\/ImageFormation.jpeg&quot;}],&quot;background_slideshow_loop&quot;:&quot;yes&quot;,&quot;background_slideshow_slide_duration&quot;:5000,&quot;background_slideshow_slide_transition&quot;:&quot;fade&quot;,&quot;background_slideshow_transition_duration&quot;:500}\">\n\t\t\t\t<div class=\"elementor-element elementor-element-759de29f elementor-widget elementor-widget-heading\" data-id=\"759de29f\" data-element_type=\"widget\" data-e-type=\"widget\" data-widget_type=\"heading.default\">\n\t\t\t\t<div class=\"elementor-widget-container\">\n\t\t\t\t\t<h2 class=\"elementor-heading-title elementor-size-default\">Formations des professionnels\n<br><\/h2>\t\t\t\t<\/div>\n\t\t\t\t<\/div>\n\t\t\t\t<\/div>\n\t\t<div class=\"elementor-element elementor-element-ddfb640 e-con-full e-flex wpr-particle-no wpr-jarallax-no wpr-parallax-no wpr-sticky-section-no e-con e-parent\" data-id=\"ddfb640\" data-element_type=\"container\" data-e-type=\"container\">\n\t\t<div class=\"elementor-element elementor-element-d3d8e7f e-grid e-con-full wpr-particle-no wpr-jarallax-no wpr-parallax-no wpr-sticky-section-no e-con e-child\" data-id=\"d3d8e7f\" data-element_type=\"container\" data-e-type=\"container\">\n\t\t<div class=\"elementor-element elementor-element-9df334b e-con-full e-flex wpr-particle-no wpr-jarallax-no wpr-parallax-no wpr-sticky-section-no elementor-invisible e-con e-child\" data-id=\"9df334b\" data-element_type=\"container\" data-e-type=\"container\" data-settings=\"{&quot;animation&quot;:&quot;fadeInUp&quot;,&quot;animation_delay&quot;:400}\">\n\t\t\t\t<div class=\"elementor-element elementor-element-11e0561 elementor-widget elementor-widget-text-editor\" data-id=\"11e0561\" data-element_type=\"widget\" data-e-type=\"widget\" data-widget_type=\"text-editor.default\">\n\t\t\t\t<div class=\"elementor-widget-container\">\n\t\t\t\t\t\t\t\t\t<p><strong>Destin\u00e9es aux \u00c9tablissements et Services Sociaux et M\u00e9dico-Sociaux (ESSMS), aux chirurgiens-dentistes et autres professionnels de sant\u00e9, nos formations sont con\u00e7ues pour r\u00e9pondre \u00e0 vos besoins et aux besoins sp\u00e9cifiques de vos \u00e9quipes :<\/strong><\/p><ul><li><p><strong>Formations Intra-\u00c9tablissements :<\/strong> Offrez \u00e0 vos professionnels des sessions de formation au sein m\u00eame de votre \u00e9tablissement. Ces formations sont uniques car personnalis\u00e9es et adapt\u00e9es \u00e0 vos besoins propres. Elles permettent en outre de former un nombre important de professionnels tout en favorisant un apprentissage collaboratif et pratique.<\/p><\/li><li><p><strong>Formations Inter-\u00c9tablissements :<\/strong> Participez \u00e0 des sessions de formation qui rassemblent plusieurs \u00e9tablissements. Ces formations inter-\u00e9tablissements offrent une occasion pr\u00e9cieuse de partager des exp\u00e9riences, d\u2019\u00e9changer des bonnes pratiques entre professionnels et de renforcer la collaboration entre les diff\u00e9rentes structures.<\/p><\/li><li><p><strong>Formations en Visioconf\u00e9rence (formation en Webcam) :<\/strong> Pour une flexibilit\u00e9 optimale, certaines formations sont propos\u00e9es en classes virtuelles permettant ainsi une meilleure commodit\u00e9 par rapport aux contraintes professionnelles.<\/p><\/li><\/ul><p><!-- \/wp:essential-blocks\/slider --><\/p>\t\t\t\t\t\t\t\t<\/div>\n\t\t\t\t<\/div>\n\t\t\t\t<div class=\"elementor-element elementor-element-322ef8c elementor-widget elementor-widget-text-editor\" data-id=\"322ef8c\" data-element_type=\"widget\" data-e-type=\"widget\" data-widget_type=\"text-editor.default\">\n\t\t\t\t<div class=\"elementor-widget-container\">\n\t\t\t\t\t\t\t\t\t<p>&#8212;&#8212;&#8212;&#8212;&#8212;&#8212;&#8212;&#8212;&#8212;&#8212;&#8212;&#8212;&#8212;&#8212;&#8212;&#8212;&#8212;&#8212;&#8212;&#8212;&#8212;&#8212;&#8212;&#8212;&#8212;&#8212;&#8212;&#8212;&#8212;&#8212;&#8212;&#8212;&#8212;&#8212;&#8212;&#8212;&#8212;&#8212;&#8212;&#8212;&#8212;&#8212;&#8212;&#8212;&#8212;&#8212;&#8212;&#8212;&#8212;&#8212;&#8212;&#8212;&#8212;&#8212;&#8212;&#8212;&#8212;&#8212;&#8212;&#8212;&#8212;&#8212;&#8212;&#8212;&#8212;&#8212;&#8212;&#8212;&#8212;&#8212;&#8212;&#8212;&#8212;&#8212;-<\/p>\t\t\t\t\t\t\t\t<\/div>\n\t\t\t\t<\/div>\n\t\t\t\t<div class=\"elementor-element elementor-element-8ba830b elementor-widget elementor-widget-text-editor\" data-id=\"8ba830b\" data-element_type=\"widget\" data-e-type=\"widget\" data-widget_type=\"text-editor.default\">\n\t\t\t\t<div class=\"elementor-widget-container\">\n\t\t\t\t\t\t\t\t\t<h5><span style=\"color: #000080;\"><strong>MODULE 1 &#8211; Hygi\u00e8ne bucco-dentaire au quotidien chez la personne avec Trouble du Spectre de l&rsquo;Autisme <br \/><\/strong><\/span><\/h5>\n<p>\u00a0 \u00a0 \u00a0 \u00a0\u00a0\u00a0 <span style=\"color: #3366ff;\"><strong><span style=\"color: #0000ff;\"><a style=\"color: #0000ff; text-decoration: underline;\" href=\"https:\/\/www.dental-asd.com\/wp-content\/uploads\/2024\/06\/PRESENTIEL_MODULE-1_HBD-au-quotidien-chez-la-personne-avec-Trouble-du-Spectre-de-lAutisme.pdf\" target=\"_blank\" rel=\"noopener\">Pr\u00e9sentiel<\/a><\/span>\u00a0<\/strong><\/span> \u00a0 \u00a0 \u00a0 \u00a0 \u00a0 \u00a0 \u00a0 \u00a0 \u00a0 <span style=\"color: #993366;\"><a style=\"color: #993366;\" href=\"https:\/\/www.dental-asd.com\/wp-content\/uploads\/2024\/06\/VISIO_MODULE-1_HBD-au-quotidien-chez-la-personne-avec-TSA.pdf\" target=\"_blank\" rel=\"noopener\"><strong><span style=\"text-decoration: underline;\">Visioconf\u00e9rence<\/span><\/strong><\/a><\/span><\/p>\t\t\t\t\t\t\t\t<\/div>\n\t\t\t\t<\/div>\n\t\t\t\t<div class=\"elementor-element elementor-element-2cfc0b8 elementor-widget elementor-widget-text-editor\" data-id=\"2cfc0b8\" data-element_type=\"widget\" data-e-type=\"widget\" data-widget_type=\"text-editor.default\">\n\t\t\t\t<div class=\"elementor-widget-container\">\n\t\t\t\t\t\t\t\t\t<h5><strong><span style=\"color: #000080;\">MODULE 2 &#8211; Accompagnement \u00e0 l\u2019hygi\u00e8ne bucco-dentaire aupr\u00e8s de la personne avec Trouble du Spectre de l\u2019Autisme<\/span><\/strong><\/h5><p>\u00a0\u00a0\u00a0\u00a0\u00a0\u00a0\u00a0\u00a0\u00a0 <a href=\"https:\/\/www.dental-asd.com\/wp-content\/uploads\/2024\/06\/PRESENTIEL_MODULE-2_Accompagnement.pdf\" target=\"_blank\" rel=\"noopener\"><span style=\"text-decoration: underline;\"><strong><span style=\"color: #3366ff; text-decoration: underline;\"><span style=\"color: #0000ff; text-decoration: underline;\">Pr\u00e9sentiel<\/span><\/span><\/strong><\/span><\/a><\/p>\t\t\t\t\t\t\t\t<\/div>\n\t\t\t\t<\/div>\n\t\t\t\t<div class=\"elementor-element elementor-element-6a7593e elementor-widget elementor-widget-text-editor\" data-id=\"6a7593e\" data-element_type=\"widget\" data-e-type=\"widget\" data-widget_type=\"text-editor.default\">\n\t\t\t\t<div class=\"elementor-widget-container\">\n\t\t\t\t\t\t\t\t\t<h5><span style=\"color: #000080;\"><strong>MODULE 3 &#8211; <\/strong><\/span><span style=\"color: #000080;\"><strong>Douleur bucco-dentaire et comportements d\u00e9fis chez la personne avec Trouble du Spectre de l&rsquo;Autisme : rep\u00e9rer et comprendre pour mieux agir<br \/><\/strong><\/span><\/h5>\n<p>\u00a0 \u00a0 \u00a0 \u00a0\u00a0 <span style=\"color: #3366ff;\"><strong><a href=\"https:\/\/www.dental-asd.com\/wp-content\/uploads\/2024\/08\/PRESENTIEL_MODULE-3_Douleurs-bucco-dentaires-et-comportements-defis-chez-la-personne-avec-TSA-reperer-et-comprendre-pour-mieux-agir.pdf\" target=\"_blank\" rel=\"noopener\"><span style=\"color: #0000ff;\">Pr\u00e9sentiel<\/span><\/a>\u00a0<\/strong><\/span> \u00a0 \u00a0 \u00a0 \u00a0 \u00a0 \u00a0 \u00a0 \u00a0 \u00a0<\/p>\t\t\t\t\t\t\t\t<\/div>\n\t\t\t\t<\/div>\n\t\t\t\t<div class=\"elementor-element elementor-element-4714bdb elementor-widget elementor-widget-text-editor\" data-id=\"4714bdb\" data-element_type=\"widget\" data-e-type=\"widget\" data-widget_type=\"text-editor.default\">\n\t\t\t\t<div class=\"elementor-widget-container\">\n\t\t\t\t\t\t\t\t\t<h5><span style=\"color: #000080;\"><strong>MODULE 4 &#8211; Comprendre la personne autiste afin de mieux l&rsquo;accueillir au sein du cabinet dentaire<br \/><\/strong><\/span><\/h5>\n<p>\u00a0 \u00a0 \u00a0 \u00a0\u00a0\u00a0\u00a0\u00a0\u00a0\u00a0\u00a0\u00a0\u00a0\u00a0\u00a0\u00a0\u00a0\u00a0\u00a0\u00a0\u00a0\u00a0\u00a0\u00a0\u00a0\u00a0\u00a0\u00a0\u00a0 <span style=\"color: #3366ff;\"><strong>\u00a0<\/strong><\/span> \u00a0 \u00a0 \u00a0 \u00a0 \u00a0 \u00a0 \u00a0 \u00a0 \u00a0\u00a0\u00a0\u00a0 <a href=\"https:\/\/www.dental-asd.com\/wp-content\/uploads\/2024\/11\/VISIO_MODULE-4_Comprendre-la-personne-autiste-afin-de-mieux-laccueillir-au-sein-du-cabinet-dentaire.pdf\" target=\"_blank\" rel=\"noopener\"><span style=\"color: #993366;\"><strong>Visioconf\u00e9rence<\/strong><\/span><\/a><\/p>\t\t\t\t\t\t\t\t<\/div>\n\t\t\t\t<\/div>\n\t\t\t\t<div class=\"elementor-element elementor-element-173fc88 elementor-widget elementor-widget-text-editor\" data-id=\"173fc88\" data-element_type=\"widget\" data-e-type=\"widget\" data-widget_type=\"text-editor.default\">\n\t\t\t\t<div class=\"elementor-widget-container\">\n\t\t\t\t\t\t\t\t\t<h5><span style=\"color: #000080;\"><strong>MODULE 5 &#8211; Particularit\u00e9s sensorielles et environnement dentaire chez la personne avec Trouble du Spectre de l&rsquo;Autisme <br \/><\/strong><\/span><\/h5>\n<p>\u00a0 \u00a0 \u00a0 \u00a0\u00a0\u00a0 <span style=\"color: #3366ff;\"><strong><span style=\"color: #0000ff;\">Pr\u00e9sentiel<\/span>\u00a0<\/strong><\/span> \u00a0 \u00a0 \u00a0 \u00a0 \u00a0 \u00a0 \u00a0 \u00a0 \u00a0\u00a0\u00a0\u00a0\u00a0\u00a0\u00a0 <span style=\"color: #993366;\"><strong>Visiocof\u00e9rence<\/strong><\/span><\/p>\t\t\t\t\t\t\t\t<\/div>\n\t\t\t\t<\/div>\n\t\t\t\t<\/div>\n\t\t\t\t<\/div>\n\t\t\t\t<\/div>\n\t\t<div class=\"elementor-element elementor-element-c655b5c e-flex e-con-boxed wpr-particle-no wpr-jarallax-no wpr-parallax-no wpr-sticky-section-no e-con e-parent\" data-id=\"c655b5c\" data-element_type=\"container\" data-e-type=\"container\">\n\t\t\t\t\t<div class=\"e-con-inner\">\n\t\t\t\t<div class=\"elementor-element elementor-element-2fbeb2d elementor-align-justify elementor-widget elementor-widget-button\" data-id=\"2fbeb2d\" data-element_type=\"widget\" data-e-type=\"widget\" data-widget_type=\"button.default\">\n\t\t\t\t<div class=\"elementor-widget-container\">\n\t\t\t\t\t\t\t\t\t<div class=\"elementor-button-wrapper\">\n\t\t\t\t\t<a class=\"elementor-button elementor-button-link elementor-size-sm\" href=\"https:\/\/www.dental-asd.com\/index.php\/demande-de-devis\/\">\n\t\t\t\t\t\t<span class=\"elementor-button-content-wrapper\">\n\t\t\t\t\t\t\t\t\t<span class=\"elementor-button-text\">Demander un devis<\/span>\n\t\t\t\t\t<\/span>\n\t\t\t\t\t<\/a>\n\t\t\t\t<\/div>\n\t\t\t\t\t\t\t\t<\/div>\n\t\t\t\t<\/div>\n\t\t\t\t\t<\/div>\n\t\t\t\t<\/div>\n\t\t\t\t<\/div>\n\t\t","protected":false},"excerpt":{"rendered":"<p>Formations des professionnels Destin\u00e9es aux \u00c9tablissements et Services Sociaux et M\u00e9dico-Sociaux (ESSMS), aux chirurgiens-dentistes et autres professionnels de sant\u00e9, nos formations sont con\u00e7ues pour r\u00e9pondre \u00e0 vos besoins et aux besoins sp\u00e9cifiques de vos \u00e9quipes : Formations Intra-\u00c9tablissements : Offrez \u00e0 vos professionnels des sessions de formation au sein m\u00eame de votre \u00e9tablissement. Ces formations sont uniques car personnalis\u00e9es et adapt\u00e9es \u00e0 vos besoins propres. Elles permettent en outre de former un nombre important de professionnels tout en favorisant un apprentissage collaboratif et pratique. Formations Inter-\u00c9tablissements : Participez \u00e0 des sessions de formation qui rassemblent plusieurs \u00e9tablissements. Ces formations inter-\u00e9tablissements offrent une occasion pr\u00e9cieuse de partager des exp\u00e9riences, d\u2019\u00e9changer des bonnes pratiques entre professionnels et de renforcer la collaboration entre les diff\u00e9rentes structures. Formations en Visioconf\u00e9rence (formation en Webcam) : Pour une flexibilit\u00e9 optimale, certaines formations sont propos\u00e9es en classes virtuelles permettant ainsi une meilleure commodit\u00e9 par rapport aux contraintes professionnelles. &#8212;&#8212;&#8212;&#8212;&#8212;&#8212;&#8212;&#8212;&#8212;&#8212;&#8212;&#8212;&#8212;&#8212;&#8212;&#8212;&#8212;&#8212;&#8212;&#8212;&#8212;&#8212;&#8212;&#8212;&#8212;&#8212;&#8212;&#8212;&#8212;&#8212;&#8212;&#8212;&#8212;&#8212;&#8212;&#8212;&#8212;&#8212;&#8212;&#8212;&#8212;&#8212;&#8212;&#8212;&#8212;&#8212;&#8212;&#8212;&#8212;&#8212;&#8212;&#8212;&#8212;&#8212;&#8212;&#8212;&#8212;&#8212;&#8212;&#8212;&#8212;&#8212;&#8212;&#8212;&#8212;&#8212;&#8212;&#8212;&#8212;&#8212;&#8212;&#8212;&#8212;&#8212;- MODULE 1 &#8211; Hygi\u00e8ne bucco-dentaire au quotidien chez la personne avec Trouble du Spectre de l&rsquo;Autisme \u00a0 \u00a0 \u00a0 \u00a0\u00a0\u00a0 Pr\u00e9sentiel\u00a0 \u00a0 \u00a0 \u00a0 \u00a0 \u00a0 \u00a0 \u00a0 \u00a0 \u00a0 Visioconf\u00e9rence MODULE 2 &#8211; Accompagnement \u00e0 l\u2019hygi\u00e8ne bucco-dentaire aupr\u00e8s de la personne avec Trouble du Spectre de l\u2019Autisme \u00a0\u00a0\u00a0\u00a0\u00a0\u00a0\u00a0\u00a0\u00a0 Pr\u00e9sentiel MODULE 3 &#8211; Douleur bucco-dentaire et comportements d\u00e9fis chez la personne avec Trouble du Spectre de l&rsquo;Autisme : rep\u00e9rer et comprendre pour mieux agir \u00a0 \u00a0 \u00a0 \u00a0\u00a0 Pr\u00e9sentiel\u00a0 \u00a0 \u00a0 \u00a0 \u00a0 \u00a0 \u00a0 \u00a0 \u00a0 \u00a0 MODULE 4 &#8211; Comprendre la personne autiste afin de mieux l&rsquo;accueillir au sein du cabinet dentaire \u00a0 \u00a0 \u00a0 \u00a0\u00a0\u00a0\u00a0\u00a0\u00a0\u00a0\u00a0\u00a0\u00a0\u00a0\u00a0\u00a0\u00a0\u00a0\u00a0\u00a0\u00a0\u00a0\u00a0\u00a0\u00a0\u00a0\u00a0\u00a0\u00a0 \u00a0 \u00a0 \u00a0 \u00a0 \u00a0 \u00a0 \u00a0 \u00a0 \u00a0 \u00a0\u00a0\u00a0\u00a0 Visioconf\u00e9rence MODULE 5 &#8211; Particularit\u00e9s sensorielles et environnement dentaire chez la personne avec Trouble du Spectre de l&rsquo;Autisme \u00a0 \u00a0 \u00a0 \u00a0\u00a0\u00a0 Pr\u00e9sentiel\u00a0 \u00a0 \u00a0 \u00a0 \u00a0 \u00a0 \u00a0 \u00a0 \u00a0 \u00a0\u00a0\u00a0\u00a0\u00a0\u00a0\u00a0 Visiocof\u00e9rence Demander un devis<\/p>\n","protected":false},"author":2,"featured_media":0,"parent":0,"menu_order":0,"comment_status":"closed","ping_status":"closed","template":"","meta":{"_eb_attr":"","site-sidebar-layout":"no-sidebar","site-content-layout":"","ast-site-content-layout":"full-width-container","site-content-style":"default","site-sidebar-style":"default","ast-global-header-display":"","ast-banner-title-visibility":"","ast-main-header-display":"","ast-hfb-above-header-display":"","ast-hfb-below-header-display":"","ast-hfb-mobile-header-display":"","site-post-title":"disabled","ast-breadcrumbs-content":"","ast-featured-img":"disabled","footer-sml-layout":"","ast-disable-related-posts":"","theme-transparent-header-meta":"enabled","adv-header-id-meta":"","stick-header-meta":"","header-above-stick-meta":"","header-main-stick-meta":"","header-below-stick-meta":"","astra-migrate-meta-layouts":"default","ast-page-background-enabled":"default","ast-page-background-meta":{"desktop":{"background-color":"var(--ast-global-color-4)","background-image":"","background-repeat":"repeat","background-position":"center center","background-size":"auto","background-attachment":"scroll","background-type":"","background-media":"","overlay-type":"","overlay-color":"","overlay-opacity":"","overlay-gradient":""},"tablet":{"background-color":"","background-image":"","background-repeat":"repeat","background-position":"center center","background-size":"auto","background-attachment":"scroll","background-type":"","background-media":"","overlay-type":"","overlay-color":"","overlay-opacity":"","overlay-gradient":""},"mobile":{"background-color":"","background-image":"","background-repeat":"repeat","background-position":"center center","background-size":"auto","background-attachment":"scroll","background-type":"","background-media":"","overlay-type":"","overlay-color":"","overlay-opacity":"","overlay-gradient":""}},"ast-content-background-meta":{"desktop":{"background-color":"var(--ast-global-color-5)","background-image":"","background-repeat":"repeat","background-position":"center center","background-size":"auto","background-attachment":"scroll","background-type":"","background-media":"","overlay-type":"","overlay-color":"","overlay-opacity":"","overlay-gradient":""},"tablet":{"background-color":"var(--ast-global-color-5)","background-image":"","background-repeat":"repeat","background-position":"center center","background-size":"auto","background-attachment":"scroll","background-type":"","background-media":"","overlay-type":"","overlay-color":"","overlay-opacity":"","overlay-gradient":""},"mobile":{"background-color":"var(--ast-global-color-5)","background-image":"","background-repeat":"repeat","background-position":"center center","background-size":"auto","background-attachment":"scroll","background-type":"","background-media":"","overlay-type":"","overlay-color":"","overlay-opacity":"","overlay-gradient":""}},"footnotes":""},"class_list":["post-428","page","type-page","status-publish","hentry"],"jetpack_sharing_enabled":true,"rttpg_featured_image_url":null,"rttpg_author":{"display_name":"drame","author_link":"https:\/\/www.dental-asd.com\/index.php\/author\/drame\/"},"rttpg_comment":0,"rttpg_category":null,"rttpg_excerpt":"Formations des professionnels Destin\u00e9es aux \u00c9tablissements et Services Sociaux et M\u00e9dico-Sociaux (ESSMS), aux chirurgiens-dentistes et autres professionnels de sant\u00e9, nos formations sont con\u00e7ues pour r\u00e9pondre \u00e0 vos besoins et aux besoins sp\u00e9cifiques de vos \u00e9quipes : Formations Intra-\u00c9tablissements : Offrez \u00e0 vos professionnels des sessions de formation au sein m\u00eame de votre \u00e9tablissement. Ces formations\u2026","_links":{"self":[{"href":"https:\/\/www.dental-asd.com\/index.php\/wp-json\/wp\/v2\/pages\/428","targetHints":{"allow":["GET"]}}],"collection":[{"href":"https:\/\/www.dental-asd.com\/index.php\/wp-json\/wp\/v2\/pages"}],"about":[{"href":"https:\/\/www.dental-asd.com\/index.php\/wp-json\/wp\/v2\/types\/page"}],"author":[{"embeddable":true,"href":"https:\/\/www.dental-asd.com\/index.php\/wp-json\/wp\/v2\/users\/2"}],"replies":[{"embeddable":true,"href":"https:\/\/www.dental-asd.com\/index.php\/wp-json\/wp\/v2\/comments?post=428"}],"version-history":[{"count":268,"href":"https:\/\/www.dental-asd.com\/index.php\/wp-json\/wp\/v2\/pages\/428\/revisions"}],"predecessor-version":[{"id":2824,"href":"https:\/\/www.dental-asd.com\/index.php\/wp-json\/wp\/v2\/pages\/428\/revisions\/2824"}],"wp:attachment":[{"href":"https:\/\/www.dental-asd.com\/index.php\/wp-json\/wp\/v2\/media?parent=428"}],"curies":[{"name":"wp","href":"https:\/\/api.w.org\/{rel}","templated":true}]}}